mon factor of 438 and 1241.
73
What is the greatest common factor of 6440 and 175?
35
Calculate the highest common factor of 162 and 2250.
18
Calculate the greatest common factor of 15748 and 124.
124
What is the greatest common factor of 87 and 6?
3
Calculate the highest common divisor of 20 and 80.
20
Calculate the highest common divisor of 135 and 345.
15
What is the greatest common divisor of 2480 and 240?
80
Calculate the greatest common divisor of 33 and 2629.
11
What is the highest common factor of 8 and 232?
8
Calculate the highest common factor of 385 and 110.
55
Calculate the highest common factor of 12 and 382.
2
What is the highest common divisor of 1431 and 53?
53
What is the greatest common factor of 78 and 130?
26
What is the highest common factor of 12 and 8412?
12
What is the highest common factor of 299 and 13?
13
Calculate the greatest common factor of 201 and 1072.
67
What is the highest common factor of 15216 and 24?
24
What is the highest common divisor of 60 and 150?
30
Calculate the greatest common divisor of 27 and 1908.
9
Calculate the greatest common divisor of 9264 and 48.
48
What is the greatest common factor of 304 and 247?
19
Calculate the highest common divisor of 297 and 4686.
33
What is the greatest common divisor of 168 and 35?
7
What is the highest common factor of 212 and 4?
4
Calculate the highest common divisor of 2144 and 67.
67
Calculate the highest common factor of 3456 and 540.
108
Calculate the highest common divisor of 29631 and 357.
357
What is the highest common factor of 3230 and 304?
38
What is the greatest common divisor of 135 and 1593?
27
Calculate the highest common factor of 17 and 8653.
17
What is the greatest common divisor of 63 and 21231?
63
Calculate the greatest common divisor of 430 and 16985.
215
What is the greatest common divisor of 6 and 52?
2
Calculate the highest common factor of 46 and 414.
46
Calculate the greatest common factor of 5 and 20245.
5
Calculate the greatest common divisor of 155 and 248.
31
What is the highest common divisor of 55 and 2112?
11
Calculate the highest common divisor of 11456 and 179.
179
What is the highest common divisor of 35 and 700?
35
What is the greatest common factor of 82 and 123?
41
What is the highest common factor of 41 and 123?
41
Calculate the highest common factor of 692 and 28.
4
What is the highest common factor of 10 and 325?
5
Calculate the highest common divisor of 6 and 1038.
6
Calculate the highest common factor of 10 and 206.
2
What is the greatest common factor of 177 and 3953?
59
What is the highest common divisor of 134 and 134?
134
What is the highest common factor of 3252 and 12?
12
What is the highest common factor of 448 and 3332?
28
Calculate the greatest common factor of 142 and 497.
71
What is the highest common factor of 10 and 13030?
10
Calculate the greatest common factor of 12111 and 734.
367
Calculate the greatest common factor of 49 and 2009.
49
What is the highest common factor of 100 and 210?
10
What is the greatest common factor of 36 and 11052?
36
What is the greatest common divisor of 406 and 938?
14
Calculate the highest common divisor of 1215 and 10.
5
What is the greatest common factor of 48 and 1668?
12
Calculate the greatest common factor of 35 and 3647.
7
What is the highest common divisor of 32 and 256?
32
What is the highest common divisor of 82 and 7954?
82
What is the greatest common divisor of 1560 and 120?
120
What is the greatest common divisor of 78 and 91?
13
Calculate the highest common divisor of 16648 and 16.
8
What is the highest common factor of 1152 and 54?
18
What is the greatest common factor of 19 and 779?
19
Calculate the highest common factor of 4 and 2024.
4
Calculate the greatest common divisor of 6076 and 372.
124
Calculate the highest common factor of 40 and 440.
40
Calculate the greatest common divisor of 40 and 220.
20
Calculate the greatest common factor of 14136 and 1736.
248
Calculate the greatest common divisor of 3612 and 215.
43
Calculate the greatest common divisor of 30 and 510.
30
Calculate the highest common divisor of 95 and 40.
5
What is the greatest common factor of 105 and 336?
21
Calculate the highest common divisor of 8645 and 532.
133
Calculate the highest common factor of 2408 and 129.
43
Calculate the greatest common divisor of 9 and 603.
9
What is the greatest common factor of 4970 and 140?
70
Calculate the highest common divisor of 25 and 16475.
25
Calculate the greatest common divisor of 20 and 250.
10
What is the greatest common divisor of 39 and 65?
13
What is the greatest common divisor of 88 and 2277?
11
Calculate the highest common divisor of 7 and 1183.
7
What is the greatest common divisor of 3 and 19?
1
What is the greatest common factor of 221 and 4771?
13
Calculate the highest common factor of 453 and 35183.
151
What is the highest common factor of 76 and 16?
4
Calculate the greatest common factor of 168 and 77.
7
Calculate the highest common factor of 87 and 42.
3
What is the highest common factor of 274 and 1233?
137
Calculate the greatest common factor of 1632 and 18.
6
What is the greatest common divisor of 2 and 162?
2
What is the highest common divisor of 39 and 299?
13
Calculate the highest common divisor of 11 and 22.
11
What is the greatest common factor of 4370 and 138?
46
What is the highest common divisor of 144 and 27504?
144
What is the greatest common divisor of 8024 and 17?
17
What is the greatest common divisor of 720 and 126?
18
Calculate the highest common divisor of 6 and 577.
1
Calculate the highest common divisor of 4361 and 98.
49
What is the greatest common factor of 455 and 140?
35
Calculate the highest common factor of 1512 and 1176.
168
What is the highest common divisor of 44 and 539?
11
Calculate the highest common divisor of 111 and 74.
37
What is the highest common divisor of 150 and 7260?
30
Calculate the highest common factor of 49 and 301.
7
Calculate the greatest common factor of 6501 and 33.
33
Calculate the highest common factor of 889 and 127.
127
What is the greatest common divisor of 128 and 3808?
32
Calculate the greatest common divisor of 20 and 155.
5
Calculate the highest common factor of 23 and 69.
23
What is the highest common divisor of 100 and 68?
4
What is the greatest common divisor of 756 and 868?
28
Calculate the greatest common factor of 6 and 11442.
6
What is the greatest common factor of 143 and 22?
11
What is the highest common factor of 172 and 16?
4
Calculate the highest common divisor of 176 and 3476.
44
Calculate the highest common factor of 703 and 481.
37
What is the greatest common factor of 36 and 120?
12
What is the greatest common factor of 8 and 16960?
8
Calculate the highest common factor of 10 and 355.
5
What is the greatest common divisor of 629 and 148?
37
Calculate the greatest common factor of 774 and 18.
18
What is the greatest common divisor of 429 and 624?
39
What is the highest common factor of 2520 and 100?
20
Calculate the highest common factor of 173 and 7.
1
What is the highest common factor of 16 and 6?
2
What is the greatest common factor of 3 and 291?
3
What is the greatest common divisor of 986 and 58?
58
Calculate the greatest common divisor of 160 and 1184.
32
What is the highest common divisor of 2220 and 20?
20
What is the greatest common divisor of 48 and 207?
3
Calculate the highest common divisor of 270 and 3375.
135
What is the greatest common factor of 164 and 4?
4
What is the greatest common factor of 1200 and 3720?
120
What is the highest common divisor of 496 and 48?
16
Calculate the highest common divisor of 258 and 86.
86
Calculate the highest common factor of 175 and 2225.
25
Calculate the highest common divisor of 116 and 4756.
116
Calculate the highest common divisor of 12 and 48.
12
What is the highest common factor of 54 and 78?
6
Calculate the highest common divisor of 16 and 120.
8
Calculate the greatest common factor of 28 and 7252.
28
Calculate the highest common divisor of 216 and 540.
108
Calculate the greatest common divisor of 624 and 9204.
156
Calculate the highest common factor of 310 and 155.
155
Calculate the highest common divisor of 187 and 44.
11
Calculate the highest common divisor of 2 and 326.
2
What is the greatest comm